t p be u(5). Determine y(p).
2
Suppose -170*x + 66 = -159*x. Let i be 5 - (-3 - -9 - x). Let f(l) = 3*l - 10. Determine f(i).
5
Let t = -2 + 1. Let n = -135 + 138. Let h(o) = -427 - 2*o**2 + 428 + o**n + 3*o - o + 2*o**2. Determine h(t).
-2
Let t(c) = -c**2 + 3*c - 4. Let n = 58 - 54. Suppose -4*v - n = -v - 2*l, -2*v - 2*l = -4. Suppose -y = w + 1, v = 4*y - 3*w + 5*w - 6. Give t(y).
-8
Suppose 0 = -15*r - 46492 + 46462. Let s(d) = 2*d**2 + 4*d**3 + 4 - d - 3*d**3 - 3. Give s(r).
3
Let z(k) = -6*k**3 + 9*k**2 - 7*k + 21. Let w(f) = f**3 + 3*f**2 - 2*f + 7. Let l(a) = 3*w(a) - z(a). Let o be -1*1 - 0/(-1). What is l(o)?
-10
Suppose 0 = -d + 3*v + 30, 4*d - 2*v - 11 = 59. Let z(b) = -b**2 + 12*b + 25. Calculate z(d).
-20
Let l(y) = 3*y - 4*y - 31 - 26 + 53 - 29. Calculate l(-17).
-16
Let o(u) = 5*u**2 + 6*u - 4. Let m(k) = -k**2 - k + 1. Let y(d) = -3*m(d) - o(d). Suppose 14*v = -1424 + 1466. Give y(v).
-26
Suppose -15*i = -11*i - 64. Let z(a) = 19*a**3 + 17*a**2 - 16*a - 1. Let h(b) = -34*b**3 - 34*b**2 + 32*b + 2. Let l(d) = -5*h(d) - 9*z(d). Calculate l(i).
-1
Let u(v) = v**2 - 11*v + 15. Let a be -9 + (76/57)/(16/252). Give u(a).
27
Let y(j) = -5*j**3 + 6*j**2 - 6*j - 70. Let l(r) = -14*r**3 + 19*r**2 - 19*r - 198. Let m(c) = -4*l(c) + 11*y(c). Determine m(9).
31
Let v be (9/3)/((-12)/36*1). Let z(r) = -5*r - 24. Give z(v).
21
Let l be (-42)/(-28)*10/(-3). Let f(r) = -r + 8. Let x(t) = 2*t - 15. Let y(b) = l*f(b) - 3*x(b). Calculate y(8).
-3
Let g = 24562 - 24568. Let u(j) be the second derivative of j**5/20 + j**4/2 + j**3/6 + 3*j**2/2 - j. Calculate u(g).
-3
Let z(h) = 5*h**3 - 4*h**2 + 12*h + 7. Let t(v) = -4*v**3 + 5*v**2 - 9*v - 7. Let m(l) = 4*t(l) + 3*z(l). Give m(8).
-7
Let d(h) = h**2 + 7*h + 12. Let p be (1 - 0 - 3) + -78 + 74. Calculate d(p).
6
Let l = 136 - 110. Suppose -41*r + 43*r = l. Suppose -3*k - r = -10. Let p(h) = -6*h**2 - h - 1. What is p(k)?
-6
Let f(q) = 3*q + 3. Let u = -8994 + 8993. Determine f(u).
0
Let d be (2/(-9))/1 - (-4070)/90. Let p = -46 + d. Let f(z) = -10*z + 1. Calculate f(p).
11
Let b(l) = 9*l + 123. Let p be b(-14). Let r(n) = -5*n + 4. Determine r(p).
19
Suppose -14*c + 23*c = -3195. Let j = -349 - c. Let i(n) = -n**3 + 7*n**2 - 7*n + 6. Give i(j).
0
Let u(v) be the third derivative of v**6/60 + v**5/120 - 38*v**3/3 - 30*v**2 + 2. Let j(m) be the first derivative of u(m). What is j(-1)?
5
Let s(b) = 7*b + 1. Let i(y) = -41*y**2 - 2*y - 9. Let n be i(4). Let z = n - -679. Give s(z).
43
Let t(g) = 234*g - 1164*g + 233*g - 3*g**2 + 229*g - 1 + 231*g + 236*g. Suppose 5*l - 2*k = 7, 0 = 2*l - l - 5*k + 17. Determine t(l).
-31
Let y(m) = -m**3 + 5*m**2 + 8*m - 6. Let t be y(6). Let k(d) = -8*d + 8*d**2 + 19 - 48 + 18 - 7*d**2 + 15. Calculate k(t).
-8
Suppose -4*h + 5*j = -20, 5 = -9*h + 10*h - 2*j. Let z(q) = -2*q**2 - 3. Give z(h).
-53
Let b(d) = -d - 2. Suppose -26 = 4*t - 42. Suppose s = 2 - 0, t*s = -2*n + 2. Let u be (-2)/(-8) + (3/4)/n. Determine b(u).
-2
Let j(v) = -v**3 - 7*v**2 - 8*v - 7. Suppose -3*z - 22 = -0*z - i, 0 = 4*z - 3*i + 31. Let t be (z - (-183)/27) + (-86)/18. Determine j(t).
-17
Let j(m) = 2*m**3 - 103*m**2 + 98*m - 164. Let s(h) = -6*h**3 + 310*h**2 - 293*h + 499. Let n(o) = -10*j(o) - 3*s(o). Determine n(49).
-4
Let w(o) = -3*o**2 - o**2 + 5*o**2. Let v(u) = 6*u**2 - u + 2. Let n(l) = -v(l) + 5*w(l). What is n(0)?
-2
Let x(t) = -2*t**3 - 5*t**2 - 5*t - 3. Let u(h) = h**3 + 8*h**2 + 16*h + 26. Let c be u(-6). Suppose c*v + 6*v = -24. Give x(v).
21
Suppose 79*o - 47*o = 56*o + 96. Let r(w) = 27*w - 3. Give r(o).
-111
Let q(n) = 4*n + 19. Let t(g) = -g**2 + 14*g - 16. Let o be t(6). Suppose -4*z - o = 2*b, 2*b + 5*z - 4*z + 17 = 0. Give q(b).
-5
Let h(z) = -3798 + 7687 + 14*z - 3842. Determine h(-15).
-163
Let a(m) = -2*m**3 - 33*m**2 - 43*m + 22. Suppose 0 = -2*i - 735*b + 732*b - 9, i = 2*b - 29. Determine a(i).
-8
Let g(x) = -x. Let q(o) = -2*o + 9. Let b(t) = -3*g(t) + q(t). Let f be 2 + (-23)/(207/54). Calculate b(f).
5
Let r(x) = -18. Let n(w) = -w - 14. Let i(y) = -6*n(y) + 2*r(y). Calculate i(-10).
-12
Let p(c) = c**2 + 16*c - 11. Suppose 20 = 4*h + r - 104, 2*h - r = 68. Suppose 2*y + h = -2*a + 2, -5*a - 79 = 3*y. Determine p(a).
6
Let c(w) = -4*w - 6. Let z = -1451 - -1453. Calculate c(z).
-14
Let a(c) = -c**2 + 4*c**3 + 8*c**2 + 2*c + 3*c - 20*c**2 - 3 + 10*c**2. Determine a(1).
3
Let d(s) = -3*s - 14. Suppose -224*n + 160*n = 256. Calculate d(n).
-2
Let y(v) = -3*v**3 - 23*v - 26. Let o(k) = 2*k**3 + k**2 + 16*k + 18. Let w(h) = -7*o(h) - 5*y(h). Suppose 4*a - 29 = 3*b - 8, -a + b + 5 = 0. What is w(a)?
-14
Suppose -y + 7 = -2*x, 0 = -5*y - 3*x - 0 - 17. Let c(v) = -7*v - 4. Let i(b) = 9 + 4 - 2*b - 21 + 7. Let r(f) = c(f) - 4*i(f). Give r(y).
-1
Let x(j) be the second derivative of -3*j**2 + 226*j + 1/3*j**3 + 0. Calculate x(4).
2
Let n be 96/(-9)*6/(-4). Let o = 9 - n. Let k(m) = 3*m - 1. Let p(i) = -4*i + 1. Let g(v) = 5*k(v) + 4*p(v). Give g(o).
6
Let j(x) be the third derivative of -x**6/120 - 13*x**5/60 - 4*x**4/3 - 10*x**3/3 + 1002*x**2. What is j(-10)?
0
Let i(q) = -q**2 - q + 7. Let d(t) = t**2 - 6*t - 34. Let f be d(10). Suppose 13*p = f*p - 35. Give i(p).
-13
Suppose a = -3*q + 20 + 17, -134 = -5*a + 2*q. Let g = a + -25. Let x(p) = -p**3 + 2*p**2 - 3*p + 4. Give x(g).
-14
Let a(l) be the first derivative of -l**6/120 - l**5/30 - l**4/6 - 5*l**3/3 + 10*l**2 + 291. Let u(h) be the third derivative of a(h). What is u(-3)?
-19
Let q(o) = o - 5. Suppose -4*v = -12 - 0. Suppose -4*w + n - 6 = 0, v*n - 2 = -2*w + 6*n. Let y be (36/36)/(w/(-20) - 0). Give q(y).
5
Let m(v) be the first derivative of 11*v**2/2 - 49*v - 5003. Determine m(5).
6
Let a be -20*(1/6 - (-10)/480*52). Let y(j) = -j - 40. What is y(a)?
-15
Suppose -6 = 4*k + 4*l - 5*l, 2*k - 3*l = 2. Let c be 4*(-6)/(-3)*1/k. Let i(q) = -2*q - 4. What is i(c)?
4
Let t(r) be the second derivative of r**3/2 - 3*r**2/2 - 7*r. Let o be t(3). Let q(k) = -2*k + 6. Let j(d) = -d + 3. Let s(z) = 11*j(z) - 6*q(z). What is s(o)?
3
Let h be 7 - ((-16)/(-2*1) - (482 - 483)). Let o(b) = -15*b - 53. Determine o(h).
-23
Let u(t) be the second derivative of t**4/4 + 17*t. Let a be ((-836)/32)/11 - (-39)/104. What is u(a)?
12
Let o(l) = -4*l**3. Let y(s) = 2*s + 23. Let n be y(-9). Suppose -2*c + n*m = -4*c - 15, -3*m = 5*c + 9. Let w(d) = -2*d - 1. Let i be w(c). Calculate o(i).
4
Let b(y) be the third derivative of 7/60*y**5 - 1/6*y**3 + 0 + 0*y - 125*y**2 + 1/12*y**4. Calculate b(1).
8
Let b be 0 - 4*(-3 - (-116)/(-16)). Suppose 5*p = -5*j + 121 - b, -5*p - 48 = -3*j. Let o(m) = 10*m + 0 - 3*m + j - 6*m. Give o(0).
16
Let j(w) = w**2 + 5*w + 6. Let f be j(-5). Let a(y) = -13*y. Let o(h) = 2*h - 12. Let s be o(9). Let b(k) = -2*k. Let z(p) = s*b(p) - a(p). Calculate z(f).
6
Let u(q) be the first derivative of -1/3*q**3 + 1/2*q**2 + 65 + 3*q. Suppose y - 3*y = 0. What is u(y)?
3
Let b be (-3 - (-30)/12)*0. Let t(m) = 5*m**3 - 2*m**2 - 2*m + 22. Let u(h) = 2*h**3 - h**2 - h + 11. Let f(y) = -3*t(y) + 7*u(y). Calculate f(b).
11
Let y(l) = -3*l**2 + l**3 - 3*l + 2*l**3 - 6 + 10 - 12 - 4*l**3. Give y(-3).
1
Let o(u) = 15*u**2 + 5*u - 3. Let q(h) = 7*h**2 + 2*h - 2. Let m(i) = -4*o(i) + 9*q(i). Calculate m(-3).
27
Let y(h) = h - 8. Let n = -175 - -177. Suppose 11*k - 64 = n. Give y(k).
-2
Suppose 17 = 3*b - 4*k - 31, 2*b = -3*k - 2. Let v(r) = -9 - 3*r**2 - 6*r + 4*r**2 - 3*r**2 + 3*r**2. What is v(b)?
7
Let m(x) be the second derivative of -x**5/4 + x**4/12 - 3*x. Let v be m(-1). Let p(n) = -4*n + 5 - 6*n + 4*n + 3*n**2 - 2*n**2. Give p(v).
5
Let v(k) = 4*k**3 - k. Let w(u) = u**3 + 13*u**2 + 9*u - 37. Let x be w(-12). Determine v(x).
-3
Let q(l) be the first derivative of -2*l**2 - l - 34. Let u(t) = 7*t + 4. Let y be u(1). Suppose -3*p = y - 2. Determine q(p).
11
Let i(t) be the third derivative of 1/24*t**4 + 0*t - 1/30*t**5 - 4*t**2 - 11/6*t**3 + 1/360*t**6 + 0. Let c(k) be the first derivative of i(k). Calculate c(3).
-2
Let t(l) = 11*l - 4. Let h be t(-4). Let y = h + 55. Suppose -3*f - 2*a = -4, 6*f = 3*f + a + y. Let s(g) = -g**3 + 4*g**2 - 3*g + 3. Determine s(f).
5
Let q(p) = -24*p**2 - 31*p**2 - 24*p**2 - 15 + 8*p + 103*p**2 - 23*p**2. Let n(x) = -x**2 + 20*x - 91. Let j be n(14). Determine q(j).
-22
Let c be (-15 +